2).
-1
Let t be ((-2)/(-8))/(1/52). Let y(h) = h - 9*h**2 + t*h**2 - h**2. Suppose -5 = -j, 0 = -5*v + j - 0*j. Give y(v).
4
Let w(a) be the first derivative of -a**4/4 + 4*a**3/3 + 5*a**2/2 - a + 5. Let p(m) = -3*m - 7. Let j be p(-4). What is w(j)?
-1
Let l = -8 - -11. Let n(u) = -3*u - 2 - u + l*u. Suppose -1 = 3*x + 8, 3*s + 15 = -4*x. Calculate n(s).
-1
Let j(m) = -m**2 + 6*m - 5. Let f be j(5). Let x(l) = l**2 + l - 2. What is x(f)?
-2
Let i(v) be the third derivative of -v**7/2520 + v**6/720 - 7*v**5/60 + 5*v**2. Let w(a) be the third derivative of i(a). Determine w(4).
-7
Let h(l) = l**3 + 7*l**2 + 5*l + 4. Let u(m) = -3*m**2 + 3*m. Let s be u(2). Give h(s).
10
Let n be (-1 - 0 - 4)*1. Let t(i) = -5 - i + 5 - 2 - i. What is t(n)?
8
Let a = 3 + 1. Suppose 3*c - 2 = 7. Let j(z) = 3*z - 7. Let s(f) = -2*f + 4. Let r(q) = c*j(q) + 5*s(q). What is r(a)?
-5
Let s(u) be the second derivative of u**5/20 - 4*u. What is s(0)?
0
Let t = 20/3 - 19/3. Let f(u) be the first derivative of 2*u - t*u**3 + 3/2*u**2 - 2. Give f(3).
2
Let x(y) = -y - 5. Let d(i) = -i**2 + 33. Let r be d(-6). Determine x(r).
-2
Let v(d) = d**2 + 62*d - 6 + 2 - 63*d. Determine v(0).
-4
Let x(v) = v**3 + 4*v**2 - 5*v + 4. Suppose -3*k + 7 = -2. Suppose 2*p - k*p = 34. Let l be 6/9 - p/(-6). Give x(l).
4
Suppose -3*n = -1 - 2, n = -5*s + 11. Let p(g) = 3*g + g + 0*g + g**s - 1. Calculate p(-5).
4
Let x(d) be the first derivative of -d**3/3 - 4*d + 19. Suppose 3*o + 13 = 4*s, 5*o + 6*s = s - 10. Give x(o).
-13
Let b(t) be the first derivative of -t**5/60 + 5*t**4/24 + t**3/3 + t**2 - 3. Let k(f) be the second derivative of b(f). Calculate k(3).
8
Suppose -3*m = 8*m + 2*m. Let o(d) = -d**3 - d**2 + d - 6. Determine o(m).
-6
Let k(y) = y**3 + y**2 - y. Let m(a) = -3*a**3 - 6*a**2 - a - 5. Let w(n) = -2*k(n) - m(n). Let r be 1*(-3 + -1) - 0. Determine w(r).
-7
Let l(v) = 3*v**3 + 24*v**2 - 33*v - 53. Let i(w) = w**3 + 8*w**2 - 11*w - 18. Let s(r) = 17*i(r) - 6*l(r). What is s(-9)?
-6
Let l(i) = -i**3 + i - 3. Let j = -19 - -19. Calculate l(j).
-3
Let r be -5 + (4 - 1) + -2. Suppose 0 = -2*m - 5 + 11. Let c(f) = 0 - 5*f**2 - 8 - 5*f + m - f**3. Give c(r).
-1
Let s(j) = 13*j + 1 - j**2 - 6*j - 8. Let u(n) = -n**3 - 5*n**2 + 5*n - 8. Let b be u(-5). Let v = b - -38. Give s(v).
3
Let p = -10 + 5. Let j(a) = a**2 + 3*a - 7. Let l be j(p). Let x(c) = -4*c + 4. Let b(g) = 3*g - 3. Let q(u) = -6*b(u) - 5*x(u). Determine q(l).
4
Let h = -332 - -336. Let w(i) = i**2 - i + 1. Let s(z) = 2*z**2 + 2*z - 2. Let o(c) = s(c) - 3*w(c). Determine o(h).
-1
Let o(x) = -3*x + 7*x + 5 - 2*x. Calculate o(-6).
-7
Let z be (-1)/(((-9)/(-3))/(-6)) + -1. Let y(x) = 26*x. Give y(z).
26
Let n = 47 - 27. Suppose 0 = 8*p - 4*p - n. Let a(b) = 2*b + 4. Calculate a(p).
14
Let k(i) = -5*i - 6. Let w(f) = 6*f + 7. Let a(l) = -7*k(l) - 6*w(l). Let p = -169 + 168. Determine a(p).
1
Let o = -6 - -8. Let p(s) = 2*s + 3*s**o + 9 - 9 - s**3. Calculate p(4).
-8
Let z(b) = b - 1. Let s be z(3). Let m(h) be the first derivative of -h**4/4 - h**3/3 + 2*h + 3. What is m(s)?
-10
Let o = -2 - -10. Suppose h + 7*i = 2*i - 25, -o = 4*h - 3*i. Let u(c) = c - 2. What is u(h)?
-7
Let o be (0 - 2) + (-55)/(-11). Let t(n) = -n**3 + n**2 + 4*n. Give t(o).
-6
Let x(g) = 4*g - 4. Suppose 2*t + 3*s + 111 = 0, 0 = -t + 5*s - 15 - 73. Let w be ((-4)/6)/(14/t). Give x(w).
8
Let f(x) = -1 - x**2 + 6*x**2 + 3*x + 0*x + x**3. Suppose -i - 21 = 4*r, 5*r = -2*i - 2*i - 29. Let z be i*(-1 - (0 - 5)). What is f(z)?
3
Let q(g) = 2*g - 1. Suppose 0 = 20*m - 22*m - 4. Give q(m).
-5
Let t(l) be the second derivative of -1/6*l**3 + l**2 - 3*l + 0. Calculate t(-5).
7
Let p(b) = b**2 + 3*b - 5. Let l be (6/7)/((-2)/14). Give p(l).
13
Let t(n) = -n**3 + 6*n**2 - 5*n - 2. Let h = -2 - -7. Calculate t(h).
-2
Let u = 4 + -6. Let x(t) = -t**3 - 2*t**2 - 2*t - 1. Determine x(u).
3
Let b = 0 - 0. Let f = b + 0. Let d(g) = -g**2 - g + 7. Give d(f).
7
Let o(c) = -c**2 - 8*c + 1. Let j be o(-8). Let d be 1 + (-2 - (-2)/j). Suppose d = 5*i + 16. Let x(u) = 2*u - 3. What is x(i)?
-9
Let k(u) = -12*u + 5. Let w(a) = -6*a + 2. Let x(o) = -2*k(o) + 5*w(o). Calculate x(1).
-6
Let o(m) be the first derivative of m**3/3 - m**2 - m + 2. Let v be 20/(-16) + 2/8. Give o(v).
2
Let n(f) = 5*f - 3*f**2 - 3*f - 7*f**3 + 8*f**3. Let a be n(2). Suppose 0 = -a*w + 4*w + 12. Let g(t) = -2*t**2 - 4*t + 1. What is g(w)?
-5
Let t = -116 + 122. Let a(q) = 2*q**3 + 10*q**2 - 3*q + 1. Let h(x) = 5*x**3 + 21*x**2 - 5*x + 3. Let k(o) = 7*a(o) - 3*h(o). What is k(t)?
-2
Suppose 12*b = -2*w + 11*b - 8, 4*w = 3*b - 26. Let r(u) = u + 1. Calculate r(w).
-4
Let g(k) be the first derivative of k**3/3 + 5*k**2/2 + 4*k - 1. Suppose 0 = -0*r + 3*r - q - 7, 3*r - 2*q = 2. Suppose o - 12 = r*o. What is g(o)?
0
Let d(q) be the third derivative of q**4/12 - 67*q**2. Give d(-2).
-4
Let n(u) = -17 - 2*u + 0*u + 10. Calculate n(-6).
5
Suppose 3*n - 1 = 4*v + 24, -7 = v - n. Let z = -3 - -8. Let x(y) = -z*y**2 + 29*y + y**2 - 28*y + 1 - y**3. Calculate x(v).
-3
Let b = 7 + -2. Let m(g) = -g**2 + 6*g - 4. Calculate m(b).
1
Let j(b) = -b**3 - b + 0 + 4*b**2 - 7*b + 12*b + 2. Let f be 1/2 - (-21)/6. Suppose 31 = f*i + 11. Give j(i).
-3
Let j(y) be the third derivative of y**6/120 - y**5/15 + y**3/2 - 19*y**2. Give j(4).
3
Let g(k) = -6 - 2*k**2 - 1 - 5*k + 4*k**2 - 3*k**2. Calculate g(-7).
-21
Let q = 59 + -59. Let g(a) = -a**3 - a**2 - a - 33. Determine g(q).
-33
Let r(j) be the second derivative of -5*j**3/6 - j**2 + 2*j. Give r(-2).
8
Let y be (-1 - -1) + 12/4. Suppose 5*h - x = 11, -5 = h + 4*x - y. Let k(m) be the second derivative of m**4/12 + m**3/2 - 3*m**2/2 + 2*m. Determine k(h).
7
Let k(g) = -33*g**3 + 2*g - 2*g + 4*g**2 - 6 + 2*g + 32*g**3. Let n be (10 + -2)*2/4. Give k(n).
2
Let f(v) be the first derivative of v**4/4 + 4*v**3/3 - v**2/2 - 8*v - 8. Let y be f(-3). Let t(q) = -q**3 + 2*q**2 + 6*q - 1. Calculate t(y).
-9
Suppose -3*m = 15, -3*c + 8*c = m + 25. Let f = c - 1. Let k(s) be the third derivative of s**6/120 - s**5/20 - s**4/24 - s**3/6 - 8*s**2. Calculate k(f).
-4
Let w(m) be the first derivative of 4*m**3/3 + m + 6. Calculate w(-1).
5
Let g(i) be the first derivative of 17*i**4/4 + 2*i**3/3 - i - 5. Give g(-1).
-16
Suppose -20 = 4*h - 9*h. Suppose -h*b = 5*o - 3 - 2, 3*o + 14 = b. Let q(l) = -1 + 5*l + 7 - 2. What is q(o)?
-11
Suppose 4*y = 2*y + 4. Let p(s) be the first derivative of -s**3/3 - 3*s**2/2 + 2*s + 2. What is p(y)?
-8
Let n = 0 - -2. Suppose -n*z - 3*z + 20 = 0. Let d(b) be the third derivative of b**4/24 - b**3/3 - b**2. Give d(z).
2
Let u(s) = s**3 + 4*s**2 + s + 2. Let a be u(-4). Let k(r) = 7*r**2 + 5*r + 7. Let p(j) = 0*j - 1 - 3*j - 4*j**2 - 3. Let q(w) = -3*k(w) - 5*p(w). Give q(a).
-5
Let i(t) = -t**2 + 12*t - 14. Let l be i(10). Let p(b) = -b**3 + 7*b**2 - 5*b + 2. What is p(l)?
8
Let n(k) = 2*k**3 + 2*k**2 - 1. Suppose 0 = 2*m - 4, -2*d + 6 = -6*d + m. Determine n(d).
-1
Let u(h) = h**3 - 8*h**2 + 6*h + 1. Suppose 2*a - a = 3*o + 3, 4*o - 1 = a. Let d = a + -8. Determine u(d).
-6
Let r(q) be the second derivative of -q**7/1260 + q**6/720 - q**5/120 + q**4/12 - q. Let z(x) be the third derivative of r(x). Determine z(2).
-7
Let g(d) = -4*d**2 + 4 + 2 - 5. Suppose 2*y - 4 + 0 = 0. Let q be (-1)/y*(-2 - -4). Give g(q).
-3
Suppose -5*y = -s - 7, -5*s - 4 = 2*y - 2*s. Let v be (-4)/(-6) - (-14)/(-3). Let d(f) = 2*f - 5. Let q(a) = a - 2. Let u(c) = v*d(c) + 10*q(c). Give u(y).
2
Suppose 0 = -4*d + 3*d - 1. Let a = 3 + d. Let c(v) = -a + 5 - 2 + 9*v. Give c(1).
10
Let z(l) be the first derivative of -1 + 5/4*l**4 + 0*l**3 - l + 0*l**2. Suppose -1 = 2*q - 3. What is z(q)?
4
Suppose -o + 6*o + 30 = 0. Let s(l) = 3 + 0*l + 0*l + l. Calculate s(o).
-3
Let t(v) = v - 2. Let g be (-16)/20 + 12/(-10). Determine t(g).
-4
Let f(z) = -z**3 + 7*z**2 - 1. Let l(g) = g**3 - 14*g**2 + 12*g + 20. Let r be l(13). What is f(r)?
-1
Let r(y) = y**2 - 11*y + 7. Let w(c) = -c**2 + 12*c - 8. Let i(p) = -4*r(p) - 3*w(p). What is i(3)?
11
Let o(l) = l**2 + 4*l - 8. Let n = -32 + 26. Give o(n).
4
Let n(k) be the second derivative of -k**3/6 - 6*k. Calculate n(-7).
7
Let d(t) = t - 8. Let n(b) = b**3 - 12*b**2 + 7. Let s be n(12). Give d(s).
-1
Let l be (-3)/6*2*-2. Let k(t) = t + 2*t**3 + 